 the remainder when 58 is divided by d?
28
Let f = -49 + 26. Let n = 26 + f. Calculate the remainder when 11 is divided by n.
2
Suppose -21*g = -7*g - 126. Calculate the remainder when 82 is divided by ((-7)/((-28)/(-12)))/(g/(-66)).
16
Let q(c) = -10*c + 46. Let s(p) = 2*p. Let m be s(2). Let t = 5 + m. Calculate the remainder when t is divided by q(4).
3
Suppose 22 = 3*x + 4. Let d = 32 - x. Suppose -505 + 85 - 147 = -81*o. What is the remainder when d is divided by o?
5
Let f(t) = t**3 + 16*t**2 - 16*t + 10. Let w be f(-17). Calculate the remainder when 55 is divided by w/(-14)*-6 - (1 - 17).
3
Let s(k) = -2*k**3 - 16*k**2 - 7*k + 12. Let f be s(-6). Let y = f + 124. What is the remainder when y is divided by 7?
6
Let r = 84 - 25. Calculate the remainder when 116 is divided by r.
57
Suppose -2*t - 115 = -7*t. Let w = -32 + 44. Calculate the remainder when t is divided by w.
11
Let g(h) = -2*h + 4*h + 4*h - h**2. Let r(f) = 52*f - 450. What is the remainder when r(9) is divided by g(5)?
3
Let k = 37 + -39. What is the remainder when (k + -2 - 0) + 30 is divided by 7?
5
Suppose -6*m + 43 = -11. Calculate the remainder when 12 is divided by m.
3
Let t(y) = -y**3 - y**2 + 3*y + 5. Suppose -2*p + 10 = -7*p. Let j be t(p). Suppose j*l = 7*l - 32. Calculate the remainder when l is divided by 5.
3
Suppose -72*j + 59*j = -520. Calculate the remainder when j is divided by 24.
16
Let g(n) = 58*n**2 + 2*n - 1. Suppose 3*p = -0*p + 3. Let j be g(p). Suppose 3 = 3*r, -4*c + j = 5*r - 2*r. What is the remainder when 27 is divided by c?
13
Let z(r) = -24*r - 4. Let p(u) = 72*u + 11. Let t(n) = 6*p(n) + 17*z(n). Calculate the remainder when 137 is divided by t(2).
45
Suppose 0 = 20*l - 5*l - 2100. What is the remainder when l is divided by 51?
38
Suppose 2*c = -3*v + 32, -5*v - 194 = c - 245. Suppose -3*u + 5 = -40. Calculate the remainder when u is divided by v.
5
Let p(r) = -r**3 + 4*r**2 + 2*r - 1. What is the remainder when (6/4)/(-4*(-1)/48) is divided by p(4)?
4
Suppose -43 = -y + 3*m, -35*m = y - 37*m - 38. Calculate the remainder when 249 is divided by y.
25
Let z(j) be the third derivative of -j**4/8 - 5*j**3/6 + 12*j**2. Calculate the remainder when z(-6) is divided by 4.
1
Let x(u) = 0 - 5*u - 9 + 7*u - 49*u. What is the remainder when x(-2) is divided by 22?
19
Let u be (1 - -5)*(3 - (-15)/(-6)). Suppose -u*q - 61 = -4*b - 6*q, -2*q + 28 = 2*b. What is the remainder when 54 is divided by b?
16
What is the remainder when 44 is divided by (-21)/210 - 602/(-20)?
14
Let o = -17 - -26. Let k be 2/8*-2*-240. Suppose 9*a - k = 4*a. What is the remainder when a is divided by o?
6
What is the remainder when 114 is divided by 1 + ((-9)/(-6) - 477/(-18))?
27
Suppose -59*m + 9707 + 13716 = 0. What is the remainder when m is divided by 25?
22
Let p = 73 + -55. Suppose 0 = 2*c - t - p, 2*c = -4*t + 5 + 23. Calculate the remainder when 37 is divided by c.
7
Let b be (-168)/(-35) - 2/10*-1. Suppose -5*m + 2*p = -56, 23 = b*m + p - 24. Calculate the remainder when 47 is divided by m.
7
Let m(k) = k**2 - 4*k - 2. Let i be m(4). Let t(o) = -5*o - 2. Calculate the remainder when 19 is divided by t(i).
3
Suppose 3*c - 617 - 1201 = 5*j, 3*c - 1836 = -j. What is the remainder when c is divided by 44?
39
Let x(z) = -z + 3. Let b be x(1). Suppose 2*p - 2*r = 3*r + 17, -20 = -2*p + b*r. Calculate the remainder when 39 is divided by p.
6
Let f(n) = 4*n - 17. Let g be f(6). Let c(i) = 10*i**2 - 3*i + 17 - i**3 - 4 - 4*i**2 + 10*i. What is the remainder when 50 is divided by c(g)?
11
Let q = 23 + -14. Suppose 2*f = -3*f + 310. Let d = f + -19. What is the remainder when d is divided by q?
7
Suppose 2*w + 375 = 2*r - 203, -4*r - 304 = w. Suppose -o = -3*o + 34. What is the remainder when 1/(3 + w/98) is divided by o?
15
Suppose -8 - 19 = -s. What is the remainder when ((-20)/(-5) - 1) + s is divided by 8?
6
Let l = -316 + 348. What is the remainder when 62 is divided by l?
30
Suppose -3*d + 78 = 3*q, 266*q = 271*q - d - 160. Calculate the remainder when 272 is divided by q.
24
Suppose -5*p + 48 = 2*i, 0 = -8*i + 5*i - 5*p + 67. Calculate the remainder when 73 is divided by i.
16
What is the remainder when (-1)/((-1194)/7254 + (-6)/(-39)) is divided by 19?
17
Suppose -p - 11*x - 8 = -6*x, 0 = -4*x. Let l = -1 + 13. Calculate the remainder when (-33)/2*p/l is divided by 7.
4
Suppose 2*a = 5*a - 507. Let k(x) = -x**2 + 2*x - 2. Let p be k(-8). Let l = p + a. Calculate the remainder when l is divided by 22.
21
Let k be 2 - 9/(-1 + -2). Suppose 0 = k*y + 13 - 268. Let d = 51 - 38. What is the remainder when y is divided by d?
12
Suppose 4*l - 12 = 4. Suppose l*t - 12 - 380 = 0. Suppose -3*a + 2*g = g - 79, 4*a - t = 5*g. Calculate the remainder when a is divided by 10.
7
Let v = 438 - 352. What is the remainder when 256 is divided by v?
84
Suppose -4*n = -5*h + 211 + 238, -4*n = 2*h - 174. Suppose -26 = -5*v + h. What is the remainder when ((-168)/66)/(6/(-99)) is divided by v?
19
Suppose 220 = 49*f - 466. Calculate the remainder when 93 is divided by f.
9
Let g = -21 - -101. What is the remainder when 311 is divided by g?
71
Suppose 4*y = -y + 365. What is the remainder when y is divided by 27?
19
Suppose -7*h + 5*h = -64. Suppose -3*f - 11 = -h. Calculate the remainder when f is divided by 5.
2
Let p = -5 - 25. Let d be (-6 + -1)*p/(-35). Calculate the remainder when 28 is divided by 10/4*(-24)/d.
8
Let d(c) = 9 + 3*c**2 - 5*c + 3*c**3 - 13 + 9. What is the remainder when d(2) is divided by (-15 + -2)/(-2 - -1)?
14
Let r = -20 - -30. Let u be (-32)/1*(-5)/((-10)/(-3)). Let c = -30 + u. What is the remainder when c is divided by r?
8
Suppose -3*i - 18 = -2*a - 0*i, 5*a - i = 19. Suppose 0*h = -h + 3, -a*m + 381 = 4*h. What is the remainder when m is divided by 14?
11
Let x = -54 - -27. Calculate the remainder when 77 is divided by (x/(-18))/(0 + (-3)/(-52)).
25
Let q(v) be the third derivative of v**5/60 - v**4/4 - 19*v**3/6 - 5*v**2. Let u be q(9). Calculate the remainder when 47 is divided by (-375)/(-24) - (-3)/u.
15
Let o(z) = -52*z**2 - 21*z + 101*z**2 - 50*z**2 - 20. What is the remainder when o(-17) is divided by 28?
20
Let f(b) = -b**2 - 8*b + 1. Let g be f(-8). Let m = 1 + g. Suppose 2*o - 19 = -1. Calculate the remainder when o is divided by m.
1
Suppose 51 + 39 = 15*l. Let o = -17 + 27. What is the remainder when o is divided by l?
4
Let x = 69 - 51. Calculate the remainder when 33 is divided by x.
15
Suppose 3*x = -4*c + 4*x + 11, -4*x + 32 = 3*c. What is the remainder when 37 is divided by c?
1
Let i be (-2)/(-9) - (-9)/((-81)/2). Suppose 0 = -4*f + 6*j - 4*j + 230, 2*f + 5*j - 121 = i. What is the remainder when f is divided by 10?
8
Let t = 838 + -706. Calculate the remainder when t is divided by 9.
6
Let l(m) = -m**3 - 21*m**2 + 20*m - 47. Let a be l(-22). Calculate the remainder when -11*(a + -1 + 1) is divided by 17.
16
Let t(o) = 6*o - 39. Calculate the remainder when t(12) is divided by (-16)/(-10)*(-75)/(-10).
9
Let c = -353 + 398. What is the remainder when c is divided by 24?
21
Let n(t) = -t**2 + 9*t - 6. Let f be n(6). Let x(o) = o**3 - 11*o**2 - 10*o - 11. What is the remainder when 88 is divided by x(f)?
10
Calculate the remainder when 4275/5 - (-9)/(-27)*-21 is divided by 27.
25
Suppose 766 - 1522 = -12*x. Calculate the remainder when 262 is divided by x.
10
Let o = -22 + 45. Calculate the remainder when 454 is divided by o.
17
Let o(t) = 30*t**2 + 0*t - 1 + t - 6*t**2. Suppose -242 + 34 = -3*x - y, -x + 5*y = -80. Calculate the remainder when x is divided by o(1).
22
Suppose -4*j - 10 + 4 = -5*z, 5*j + 22 = -z. Let i = 18 - j. What is the remainder when 87 is divided by i?
21
Let o = 2343 - 1254. Calculate the remainder when o is divided by 42.
39
Let r be 3 - (-1)/((-4)/(-4)). Suppose -r*v = 1 + 27. Let w(x) = -x**3 - 6*x**2 - 8. Calculate the remainder when w(v) is divided by 9.
5
Let l(t) = 2*t**3 - t**2 + 2*t - 1. Let j be l(1). Suppose -5 = -3*c + j*c. Suppose -4*g = -88 - 4. Calculate the remainder when g is divided by c.
3
Suppose -8*w + 714 = 6*w. Calculate the remainder when w is divided by 18.
15
Suppose -4*y + 957 = 3*j, 5*y - 573 - 632 = -2*j. Calculate the remainder when y is divided by 80.
3
Suppose 5 = -7*y + 26. Let j(z) = 2*z - 